vided by i?
8
Calculate the remainder when 138 is divided by (-112)/(-616) + ((-128)/(-22) - -1).
5
Let j(n) = -n**2 + 23*n - 31. What is the remainder when 117 is divided by j(21)?
7
Calculate the remainder when 44 is divided by 84/(3/1) - 8.
4
Let b(w) = -11*w + 36. What is the remainder when b(-2) is divided by 25?
8
Suppose 0 = -6*t + 4*t. Suppose t = -0*d + 4*d + 4040. Calculate the remainder when d/(-25) - 6/(-10) is divided by 11.
8
Let l(t) = -9*t + 1. Let n = -465 - -483. What is the remainder when n is divided by l(-1)?
8
Let l = -16 + 141. Calculate the remainder when l is divided by 21.
20
Let c = 30 + -28. Suppose c = -7*g + 205. What is the remainder when 143 is divided by g?
27
Suppose 47 = -3*j - 37. Let g = j - -37. What is the remainder when g is divided by 6?
3
Let c(z) = -4*z + 24. What is the remainder when 51 is divided by c(4)?
3
Suppose -10*v = -5*v - 95. Let q = 36 - v. What is the remainder when 50 is divided by q?
16
Let v(s) = -29*s - 2. Let m be v(-2). Suppose 0 = -2*g + m + 64. Suppose -23*b + 26*b = 63. Calculate the remainder when g is divided by b.
18
Let i = 577 + -201. Calculate the remainder when i is divided by 27.
25
Let x = 1332 - 1146. Calculate the remainder when x is divided by 27.
24
Let d = -4 + 20. Let a be ((56/6)/1)/(36/270). Let h = -64 + a. Calculate the remainder when d is divided by h.
4
Let v = 209 + -95. Suppose -3*w = k - 11, -k - 5*w - 1 = -14. Suppose -3*d - 14 = -p, 3*d = -2*p + k*d + 33. What is the remainder when v is divided by p?
27
What is the remainder when (1444/(-12))/((-14)/(-3) + -5) is divided by 14?
11
Let z = -252 - -457. Calculate the remainder when z is divided by 15.
10
Let n = -23 + 30. Calculate the remainder when n is divided by 7.
0
Let t be (-228 - 1)/(-1) - -3. Suppose -t + 58 = -2*o. Suppose -7*c + 9*c = 36. Calculate the remainder when o is divided by c.
15
Calculate the remainder when ((-2)/4)/(4/(-776)) + -5 is divided by 48.
44
Let j = -1311 - -1328. Calculate the remainder when 269 is divided by j.
14
Let x be 17 - 19 - 1*2. Let p(l) = 4*l - 4. Let v be p(x). Calculate the remainder when 7 is divided by (-8)/v - 8/(-5).
1
Suppose 2*u - 3 = -33. Let b = u - -17. Suppose -d - b*d = -54. What is the remainder when d is divided by 10?
8
Suppose -b = -2*j - 4, -3*b + 20 + 25 = 5*j. Calculate the remainder when (-3596)/(-20) + 2/b is divided by 14.
12
Let j(c) = c**3 + 13*c**2 - 3*c - 25. Let o be j(-13). Calculate the remainder when 17 is divided by (36/14)/(3/o).
5
Suppose -5*c = -74 - 196. Let n(j) = -j**3 + 2*j**2 - 3*j - 3. What is the remainder when c is divided by n(-2)?
16
Let l = -46 + 64. Let v(y) = -y**3 + 5*y**2 - 3*y. Let x be v(3). Let g = l - x. What is the remainder when g is divided by 4?
1
Let b be 0/(-2 + 2 + -2). Suppose -3*s + b*s + 51 = 0. Let y(a) = -a**3 - a**2 + 21*a - 4. Calculate the remainder when y(-6) is divided by s.
16
Let t = 7 - 15. Let c be ((-6)/t)/(2/(-16)). Let i(k) = 2*k**2 + 8*k + 10. What is the remainder when i(c) is divided by 18?
16
Calculate the remainder when (-8)/5*1820/(-7) is divided by 11.
9
Let g(m) = 3*m + 14. Let i be g(-6). Let v be 5 - 2/(i/(-6)). Suppose -3*h - 4 = -5*h, -14 = -q + v*h. Calculate the remainder when 34 is divided by q.
16
Let b = 22 - 6. Suppose -3*d - 3*z = 0, -3*d + 2*z + 3*z + b = 0. Suppose 7 = -d*m - 1, 0 = 4*u + m - 4. Calculate the remainder when 5 is divided by u.
1
Let c(l) = -l**3 + 16*l**2 - 30*l - 34. Calculate the remainder when c(13) is divided by 42.
41
Let m(l) = -20*l - 78. What is the remainder when m(-22) is divided by 28?
26
Suppose -98*j - 1386 = -105*j. Calculate the remainder when j is divided by 29.
24
Suppose 2 = -2*u + 6. Suppose 0 = -u*b - 7 + 17. What is the remainder when (-1)/4 - 660/(-80) is divided by b?
3
Suppose -k + 22 = r - 137, -4*r + k + 621 = 0. Calculate the remainder when r is divided by 40.
36
Calculate the remainder when 145 is divided by 1/(-10) - 12765/(-150).
60
Suppose 25 + 125 = f. Suppose 4*c = 7*c - f. Calculate the remainder when c is divided by 18.
14
Calculate the remainder when 463 is divided by (((-12)/(-16))/3)/(22/2728).
29
Let k(h) = 0 - 4 + 3*h**3 + 4 + 3*h. Let u be k(-2). Calculate the remainder when 13 is divided by ((-45)/u)/((-1)/(-2)).
1
Suppose 3*y = -3 + 12. Suppose d + y*d - 20 = 0. Calculate the remainder when (28/(-8) - -4)*26 is divided by d.
3
Suppose 2*n + 26 + 38 = 0. Suppose 0*p + 5*p = 440. Calculate the remainder when p/n*(-40)/2 is divided by 19.
17
Suppose -30 = -2*k + 5*p, -9*k - 5*p - 20 = -10*k. Calculate the remainder when k is divided by 2.
0
Let n(q) = -q**3 - 2*q - 1. Let y be n(-1). Suppose 3*f - y*f + 3 = 0. What is the remainder when (f/5)/((-2)/10) is divided by 1?
0
What is the remainder when 2780/230 - 6/69 is divided by 9?
3
Let s(q) = -q**2 + 19*q + 38. Let j = -28 + 62. What is the remainder when j is divided by s(20)?
16
Let a = -5 - 1. Let t be (a*1)/(-3) + 3. Suppose -31 = -t*r + 14. Calculate the remainder when 34 is divided by r.
7
Let a be (-4)/(-2) + (-4)/2. Let z(k) = 308*k + 1922. Calculate the remainder when z(-6) is divided by -2 - a - (-29 + 2).
24
Let h(v) = -2*v**3 - 17*v**2 - 20*v + 24. What is the remainder when h(-10) is divided by 12?
8
Let h(i) = 3*i + 2. Suppose 0 = -45*u + 18*u + 594. What is the remainder when u is divided by h(2)?
6
Suppose 4*i - 2*t - 119 = 3*t, i - t = 29. Let r = 60 - i. Suppose -d - 5*f + r = 0, -5*f + 1 - 3 = -3*d. Calculate the remainder when 25 is divided by d.
7
Suppose 0 = 16*a - 7*a - 459. Calculate the remainder when a is divided by 9.
6
Suppose -53*u + 50*u = -21. Suppose 6*f - 9*f + 60 = 0. What is the remainder when f is divided by u?
6
Let j = 232 + -194. What is the remainder when j is divided by 25?
13
Let x be (19 - -3)*(1 + 0). Let j = 48 - x. Let l(g) = g**3 - 18*g**2 + 3*g - 5. What is the remainder when l(18) is divided by j?
23
Suppose -25 = g - 3*i - 90, 3*i = 5*g - 349. Calculate the remainder when g is divided by 12.
11
Suppose m - 558 = -5*y - 52, 0 = -3*y + 5*m + 298. Suppose 4*l + 3*s - 6*s - y = 0, -17 = -l - 2*s. What is the remainder when l is divided by 5?
3
Let v(b) = 4*b - 6. Suppose -d = -3*d + 12. Let k = 65 - 31. What is the remainder when k is divided by v(d)?
16
Suppose 8*i - 4*i = 52. Let l(y) = 3*y - 26. What is the remainder when i is divided by l(10)?
1
Let z(u) = 32*u - 3. Suppose w + 46 = 3*b, 2*b - 3*b - 5*w = -10. Calculate the remainder when z(1) is divided by b.
14
Calculate the remainder when 6/27 + (-460)/(-36) is divided by 7.
6
What is the remainder when 25 is divided by 9*(-7)/(-7) - 0?
7
Suppose 0 = -2*c - 5*u - 143, -c + 4*u - 3*u = 61. Let d = -48 - c. What is the remainder when 47 is divided by d?
15
Let q be ((-2)/(-6))/(4/132). Suppose q*p = 15*p - 12. What is the remainder when 5 is divided by p?
2
Let n be ((-15)/(-6))/(3/6). Suppose -218 = -n*f - 48. Let j = 19 - 7. Calculate the remainder when f is divided by j.
10
Let w = 9 + -5. Suppose -3*x - 93 = -w*i - 4*x, -3*x + 15 = 0. What is the remainder when i is divided by 6?
4
Let i = 706 + -683. Calculate the remainder when 249 is divided by i.
19
Let a(r) = 82*r + 748. Let g(c) = 3*c**2 - 4*c + 5. Calculate the remainder when g(4) is divided by a(-9).
7
Suppose -m + 116 = -2*m. Let t = -100 - m. Calculate the remainder when t is divided by 5.
1
Suppose 70*x = -209 + 1399. Calculate the remainder when 356 is divided by x.
16
Let f = -2185 + 2215. What is the remainder when 500 is divided by f?
20
Let g = -445 - -462. Calculate the remainder when 31 is divided by g.
14
Let y(u) = u**2 - 16*u - 5. What is the remainder when 69 is divided by y(17)?
9
Let i(m) = -m**2 + 5*m + 6. Let s be i(6). Suppose -10*z + 7*z + 156 = s. What is the remainder when 101 is divided by z?
49
Let q(j) = 138*j. Let k be q(1). Suppose p = k + 10. Suppose -2*f + 37 = w + 2*f, -f + p = 4*w. Calculate the remainder when w is divided by 20.
17
Suppose -4*h + 202 + 244 = -v, -3*v = h - 118. What is the remainder when h is divided by 30?
22
Let k(i) = 83*i - 63. What is the remainder when 10/(4/(-22)*-1) is divided by k(1)?
15
Let a = -1990 + 2021. What is the remainder when 244/2 - 2*1 is divided by a?
27
What is the remainder when 102 - (-24)/16*(-1 - 1) is divided by 29?
12